re the prime factors of d/10 - 216/r?
2, 7
Suppose 3*s + 16 = 67. Let x = 20 + s. What are the prime factors of x?
37
Let d = 23 + -32. Let i = d + 25. List the prime factors of i.
2
Let j be (-14)/(-4) + 2/(-4). Suppose j*k - b + 99 = 2*b, -3*b = 3*k + 69. Let h = -20 - k. What are the prime factors of h?
2
Let t(n) = n**2 + 3*n - 3. Let o be t(-3). Let l be 4/(-6) + (-14)/o. Suppose -l*f + 22 = -26. List the prime factors of f.
2, 3
Suppose 4*r + 797 = 5*s - 39, -2*s = -8. Suppose 4*z - 3*o = -13, z = -z - 3*o - 29. What are the prime factors of 2/z - r/28?
7
Let w(y) = 7*y**2 - 3*y. What are the prime factors of w(2)?
2, 11
Let y = 3 + 3. What are the prime factors of y?
2, 3
Suppose 2*m - 19 = 5. Suppose -m = -3*v + v. What are the prime factors of v?
2, 3
Suppose 10 + 5 = 5*x. Suppose -220 = -8*a + x*a. List the prime factors of a.
2, 11
Let d(j) = 10*j - 3. Let w be d(-5). Let l = -82 - w. Let s = l - -50. List the prime factors of s.
3, 7
Let q = 21 - 39. Let n = q + 28. List the prime factors of n.
2, 5
Let u = -10 + 15. Suppose 7 = u*y - 8. List the prime factors of y.
3
Let y be (27 - -2) + (2 - 4). Suppose -j - 10 = -y. List the prime factors of j.
17
Let c(m) = m**2 + 12*m + 2. Let j be c(-12). Suppose -3*z = 5*n - 31, j*z - 4*n = z + 33. What are the prime factors of z?
17
Let t be 2 - (-1*1)/(-1). Suppose 0*y + 20 = -4*y. What are the prime factors of 0/t + (-3 - y)?
2
Suppose -r - 2 = -2*r. What are the prime factors of 26/4*4/r?
13
Let d(q) = -3*q**2 + 10*q + 3. Let n(a) = 2*a**2 - 5*a - 1. Let w(c) = 3*d(c) + 5*n(c). List the prime factors of w(-5).
2
Suppose x - 3*w - 39 = 40, -2*x = 5*w - 147. List the prime factors of x.
2, 19
Let c = -6 + 3. Let i = c + 6. List the prime factors of i.
3
Suppose 0 = -7*l + 2117 + 221. What are the prime factors of l?
2, 167
What are the prime factors of 159/1 - (3 + -1)?
157
Let m(h) = h + 5. What are the prime factors of m(8)?
13
Let o(f) = 6*f - 20. What are the prime factors of o(8)?
2, 7
Let t be (-3 - -2 - -1) + 28. Let h = t - 15. What are the prime factors of h?
13
Let y(g) = -89*g. What are the prime factors of y(-1)?
89
Let m be 17/4 - 5/20. Suppose 4*l + 68 = m*g, -4*g + 3*l + 91 = g. What are the prime factors of g?
2, 5
Suppose 0*l + 3*l = 45. List the prime factors of l.
3, 5
Let j = 30 + -24. What are the prime factors of j?
2, 3
Let a(j) = -48*j + 43. List the prime factors of a(-8).
7, 61
Let d be (-3)/(1 + (-3)/12). Let r = -8 - d. Let b(x) = x**2 + x + 4. List the prime factors of b(r).
2
Let t be (-84)/2 + 39/13. What are the prime factors of (20/15)/((-2)/t)?
2, 13
Let w be 33/4 - (-4)/(-16). Suppose 0*z = 4*z - w. What are the prime factors of z?
2
Let d be (-5)/1*(-4)/10. Let z be 3*(3*d - 1). Let o = -8 + z. What are the prime factors of o?
7
Suppose 6*q - 2*q = -4*o + 152, 2*o - 2*q - 96 = 0. What are the prime factors of o?
43
Let k = -1 + -11. Let r = 179 - 189. What are the prime factors of (-74)/r - k/(-30)?
7
Suppose -t + 379 = 3*c, -2*c + 0*c + 3*t = -260. List the prime factors of c.
127
Let q(v) = -v**2 + 3*v - 1. Let x be q(4). Let d be 2/(-4) - x/10. Suppose d = -7*w + 4*w - h + 25, -3*w - 2*h + 26 = 0. What are the prime factors of w?
2
Suppose -4*a - 31 = 3*z, 3*z = -5*a + 2*a - 33. Let t = z + 33. What are the prime factors of t?
2, 5
Suppose -3*k + 7*k = 0. Suppose k = -6*o + 2*o + 24. What are the prime factors of o?
2, 3
Let s = -4 - -9. Suppose -j = 4*z + 3*j - 116, s*j = 5. List the prime factors of z.
2, 7
Let m be (0 - 0)*(8 - 7). Suppose 3*w - 5*x - 1 = m, x - 6*x = -5*w + 15. List the prime factors of w.
7
Suppose -b - 2*j + 74 = 0, 4*j - 81 + 5 = -b. List the prime factors of b.
2, 3
Let z = -37 - -67. Suppose -5*x = -2*r + z, 5*r - x - 58 = 3*x. What are the prime factors of r?
2, 5
Let h(x) = -x**3 + x**2 + 4*x. Let t be h(3). Suppose -4 = -3*n + 4*b, -5*n + 7 = 2*b - 17. Let k = n - t. What are the prime factors of k?
2, 5
Let n(v) = 6*v + 40. What are the prime factors of n(7)?
2, 41
Let k(v) = v - 1. Let g(x) = x + 10. Let h(r) = -g(r) - k(r). Let c be h(-6). Suppose 0 = c*u - 7*u + 12. What are the prime factors of u?
3
Let n = 11 + -4. Let o = 19 - n. What are the prime factors of o?
2, 3
Suppose x - 48 = 5*k + 184, x - 2*k - 226 = 0. Suppose 0 = 4*m + 82 - x. List the prime factors of m.
5, 7
Let q(d) = -d + 11. Let y be q(0). Let x = 24 - y. What are the prime factors of x?
13
Suppose -3*p - 24 = -0*p. Let g(w) = w**2 + 4*w - 10. What are the prime factors of g(p)?
2, 11
Suppose -35 = -4*w - 3*w. Let y(j) = 3*j + 6. Let i be y(5). Suppose -2*k - i = -w*k. What are the prime factors of k?
7
Let z(b) = b**2 + b + 65. Let t be z(0). Suppose -2*r + u + 9 = -t, 4*u + 37 = r. What are the prime factors of r?
37
Suppose -4*s - 54 = -s. Let o = 33 + s. List the prime factors of o.
3, 5
Let v = -2 - -6. List the prime factors of 41/v + (-3)/(-4).
11
Suppose 4*h + 128 = 8*h - 4*b, 5*h + 5*b = 210. What are the prime factors of h?
37
Let x be (-4)/(-18) + (-2)/9. Suppose -5*b + 17 - 42 = x. Let m = b - -10. List the prime factors of m.
5
List the prime factors of 7/14*(-236)/(-2).
59
Suppose 0 = m - 134 + 36. List the prime factors of m.
2, 7
Suppose 0 = 2*r - 7*r + 25. Suppose r*u = 1 - 21. Let n(y) = y**3 + 5*y**2 + y - 5. What are the prime factors of n(u)?
7
Suppose -8*s + 3*s = -65. Let m(c) = 2*c + 4. What are the prime factors of m(s)?
2, 3, 5
Suppose 0 = -2*n + 1 + 7, 5*s - 3*n + 17 = 0. Let r(i) = -26*i**3 + i**2 + 2*i + 1. List the prime factors of r(s).
2, 13
Let y(u) = 6*u**2 - 6*u + 3. List the prime factors of y(-5).
3, 61
Let l be (2/3)/((-8)/(-12)). Suppose -82 + l = -3*r. List the prime factors of r.
3
Let g(o) = -2*o. Let d be g(2). Suppose -5*l = 5*s - 635, 4*l = 5*s + 534 - 53. What are the prime factors of l/9 + d/(-18)?
2, 7
Let n = 17 - -1. List the prime factors of n.
2, 3
Suppose 0*k - 4 = 4*k. Let q(t) be the third derivative of -3*t**6/40 - t**5/30 - t**4/24 - 2*t**2. What are the prime factors of q(k)?
2
Let c(y) = -y**3 + 6*y**2 - 4*y + 3. Let k = 1 - -8. Let t = 14 - k. List the prime factors of c(t).
2
Let q(o) = -o - 5. Let l be q(-8). Suppose -l*a - i = -99, 2*a - a + 5*i - 19 = 0. What are the prime factors of a?
2, 17
Suppose -2*q + 118 = 4*u, 3*q = -4*u + 61 + 118. Suppose o = p + 5 - 28, -3*p + q = -o. What are the prime factors of p?
19
Let s(k) be the third derivative of k**5/30 - 7*k**4/24 + 5*k**3/6 + 5*k**2. List the prime factors of s(5).
2, 5
Let r(w) = -w**3 + 10*w**2 + 12*w - 5. Suppose 2*h = -s - 3*s + 46, -h = -3*s + 32. List the prime factors of r(s).
2, 3
Let n(o) be the first derivative of 2/3*o**3 + 6*o - 4 - 7/2*o**2. List the prime factors of n(5).
3, 7
Let t(m) be the second derivative of m**5/20 - m**4/6 - m. Let g be t(2). Suppose -5*i = 25, i + g = -4*d + 11. List the prime factors of d.
2
Let r = 40 - -25. List the prime factors of r/4 - 7/28.
2
Let c(g) = 2*g**2 + g - 2. Let q be -5*1/((-5)/(-14)). Let z be 2/8 - q/8. List the prime factors of c(z).
2
Suppose 0*j + 10 = 2*j. Let x = 2 - j. Let a = x + 16. What are the prime factors of a?
13
Let z be 30/((-11)/4 - -2). Let i = -26 - z. What are the prime factors of i?
2, 7
Let o = -3 + 0. Let z(s) = -s**3 - s**2 + 3. List the prime factors of z(o).
3, 7
Suppose h - 10 = -h. Suppose b - 12 = -h*l, -l - 5*b + 17 - 5 = 0. List the prime factors of l.
2
Let k(p) = 3*p**2 + 17*p + 8. Let i be k(-11). Suppose 3*l - i = -4*m - l, -184 = -4*m + 5*l. List the prime factors of m.
2, 23
Suppose -g = -4*k - 16, k - 1 - 21 = -3*g. List the prime factors of g.
2
Let n(p) = p**3 + p + 5. Let i be n(0). Suppose -13 - 12 = -i*w. Suppose -w*m = -6 - 39. List the prime factors of m.
3
Suppose -4*o = -33 + 1. Suppose -5*u + 7 = -o. Let z = u + 0. What are the prime factors of z?
3
Suppose 2*u + 0*u = -b + 52, 0 = b + 4*u - 54. Suppose -5*h + 5 = -15. Suppose -b = -h*q - q. What are the prime factors of q?
2, 5
Let l be (-40)/(-6)*12/5. Let h be (-39)/15 + 2/(-5). Let b = l + h. List the prime factors of b.
13
Suppose 5*f - 8*f = -315. List the prime factors of f.
3, 5, 7
Let h(t) be the first derivative of t**3/3 + 3*t**2 - t - 2. List the prime factors of h(-8).
3, 5
Suppose -5*p + 26 - 6 = 0. What are the prime factors of (36/(-21))/(p/(-14))?
2, 3
Su